{"id":5046,"date":"2024-10-05T17:13:35","date_gmt":"2024-10-05T15:13:35","guid":{"rendered":"http:\/\/brico-plomberie.com\/?page_id=5046"},"modified":"2025-11-10T15:51:59","modified_gmt":"2025-11-10T14:51:59","slug":"brico-plomberie-com","status":"publish","type":"page","link":"https:\/\/brico-plomberie.com\/","title":{"rendered":"Accueil"},"content":{"rendered":"<p>[et_pb_section fb_built=\u00a0\u00bb1&Prime; _builder_version=\u00a0\u00bb4.16&Prime; _module_preset=\u00a0\u00bbdefault\u00a0\u00bb min_height=\u00a0\u00bb550px\u00a0\u00bb global_colors_info=\u00a0\u00bb{}\u00a0\u00bb][et_pb_row _builder_version=\u00a0\u00bb4.27.2&Prime; _module_preset=\u00a0\u00bbdefault\u00a0\u00bb hover_transition_duration=\u00a0\u00bb500ms\u00a0\u00bb hover_transition_delay=\u00a0\u00bb50ms\u00a0\u00bb global_colors_info=\u00a0\u00bb{}\u00a0\u00bb][et_pb_column type=\u00a0\u00bb4_4&Prime; _builder_version=\u00a0\u00bb4.27.2&Prime; _module_preset=\u00a0\u00bbdefault\u00a0\u00bb global_colors_info=\u00a0\u00bb{}\u00a0\u00bb][et_pb_slider _builder_version=\u00a0\u00bb4.27.2&Prime; _module_preset=\u00a0\u00bbdefault\u00a0\u00bb min_height=\u00a0\u00bb519.6px\u00a0\u00bb global_colors_info=\u00a0\u00bb{}\u00a0\u00bb][et_pb_slide button_link=\u00a0\u00bbhttps:\/\/brico-plomberie.com\/index.php\/community\/\u00a0\u00bb _builder_version=\u00a0\u00bb4.27.2&Prime; _module_preset=\u00a0\u00bbdefault\u00a0\u00bb background_image=\u00a0\u00bbhttps:\/\/brico-plomberie.com\/wp-content\/uploads\/2024\/10\/BP_BannieresWeb18.jpg\u00a0\u00bb background_enable_image=\u00a0\u00bbon\u00a0\u00bb link_option_url=\u00a0\u00bbhttps:\/\/brico-plomberie.com\/index.php\/community\/\u00a0\u00bb global_colors_info=\u00a0\u00bb{}\u00a0\u00bb sticky_transition=\u00a0\u00bbon\u00a0\u00bb][\/et_pb_slide][et_pb_slide button_link=\u00a0\u00bbhttps:\/\/www.youtube.com\/@bricoplombier\u00a0\u00bb _builder_version=\u00a0\u00bb4.27.2&Prime; _module_preset=\u00a0\u00bbdefault\u00a0\u00bb background_image=\u00a0\u00bbhttps:\/\/brico-plomberie.com\/wp-content\/uploads\/2024\/10\/BP_BannieresWeb5.jpg\u00a0\u00bb background_enable_image=\u00a0\u00bbon\u00a0\u00bb link_option_url=\u00a0\u00bbhttps:\/\/www.youtube.com\/@bricoplombier\u00a0\u00bb global_colors_info=\u00a0\u00bb{}\u00a0\u00bb sticky_transition=\u00a0\u00bbon\u00a0\u00bb][\/et_pb_slide][et_pb_slide button_link=\u00a0\u00bbhttps:\/\/brico-plomberie.com\/index.php\/2016\/06\/08\/le-plombier-virtuel\/\u00a0\u00bb _builder_version=\u00a0\u00bb4.27.2&Prime; _module_preset=\u00a0\u00bbdefault\u00a0\u00bb background_image=\u00a0\u00bbhttps:\/\/brico-plomberie.com\/wp-content\/uploads\/2024\/10\/BP_BannieresWeb10.jpg\u00a0\u00bb background_enable_image=\u00a0\u00bbon\u00a0\u00bb link_option_url=\u00a0\u00bbhttps:\/\/brico-plomberie.com\/index.php\/2016\/06\/08\/le-plombier-virtuel\/\u00a0\u00bb global_colors_info=\u00a0\u00bb{}\u00a0\u00bb sticky_transition=\u00a0\u00bbon\u00a0\u00bb][\/et_pb_slide][\/et_pb_slider][\/et_pb_column][\/et_pb_row][\/et_pb_section][et_pb_section fb_built=\u00a0\u00bb1&Prime; _builder_version=\u00a0\u00bb4.16&Prime; min_height=\u00a0\u00bb717.8px\u00a0\u00bb custom_padding=\u00a0\u00bb0px|0px|0px|0px||\u00a0\u00bb global_colors_info=\u00a0\u00bb{}\u00a0\u00bb][et_pb_row column_structure=\u00a0\u00bb1_3,1_3,1_3&Prime; _builder_version=\u00a0\u00bb4.16&Prime; background_size=\u00a0\u00bbinitial\u00a0\u00bb background_position=\u00a0\u00bbtop_left\u00a0\u00bb background_repeat=\u00a0\u00bbrepeat\u00a0\u00bb custom_padding=\u00a0\u00bb25px|0px|0px|0px\u00a0\u00bb box_shadow_style=\u00a0\u00bbpreset2&Prime; global_colors_info=\u00a0\u00bb{}\u00a0\u00bb][et_pb_column type=\u00a0\u00bb1_3&Prime; _builder_version=\u00a0\u00bb4.16&Prime; custom_padding=\u00a0\u00bb|||\u00a0\u00bb global_colors_info=\u00a0\u00bb{}\u00a0\u00bb custom_padding__hover=\u00a0\u00bb|||\u00a0\u00bb][et_pb_post_slider include_categories=\u00a0\u00bb259,251,252&Prime; use_text_overlay=\u00a0\u00bboff\u00a0\u00bb _builder_version=\u00a0\u00bb4.16&Prime; background_color=\u00a0\u00bb#ffffff\u00a0\u00bb background_image=\u00a0\u00bbhttps:\/\/brico-plomberie.com\/wp-content\/uploads\/2018\/02\/BRASURE-CUIVRE-GALVA.png\u00a0\u00bb custom_padding=\u00a0\u00bb||0px|||\u00a0\u00bb custom_padding_tablet=\u00a0\u00bb|||\u00a0\u00bb custom_padding_phone=\u00a0\u00bb|||\u00a0\u00bb box_shadow_style=\u00a0\u00bbpreset6&Prime; box_shadow_blur=\u00a0\u00bb10px\u00a0\u00bb box_shadow_color=\u00a0\u00bbrgba(0,0,0,0.1)\u00a0\u00bb button_letter_spacing_hover=\u00a0\u00bb0&Prime; remove_inner_shadow=\u00a0\u00bboff\u00a0\u00bb hide_content_on_mobile=\u00a0\u00bboff\u00a0\u00bb hide_cta_on_mobile=\u00a0\u00bboff\u00a0\u00bb show_inner_shadow=\u00a0\u00bbon\u00a0\u00bb global_colors_info=\u00a0\u00bb{}\u00a0\u00bb button_text_size__hover_enabled=\u00a0\u00bboff\u00a0\u00bb button_one_text_size__hover_enabled=\u00a0\u00bboff\u00a0\u00bb button_two_text_size__hover_enabled=\u00a0\u00bboff\u00a0\u00bb button_text_color__hover_enabled=\u00a0\u00bboff\u00a0\u00bb button_one_text_color__hover_enabled=\u00a0\u00bboff\u00a0\u00bb button_two_text_color__hover_enabled=\u00a0\u00bboff\u00a0\u00bb button_border_width__hover_enabled=\u00a0\u00bboff\u00a0\u00bb button_one_border_width__hover_enabled=\u00a0\u00bboff\u00a0\u00bb button_two_border_width__hover_enabled=\u00a0\u00bboff\u00a0\u00bb button_border_color__hover_enabled=\u00a0\u00bboff\u00a0\u00bb button_one_border_color__hover_enabled=\u00a0\u00bboff\u00a0\u00bb button_two_border_color__hover_enabled=\u00a0\u00bboff\u00a0\u00bb button_border_radius__hover_enabled=\u00a0\u00bboff\u00a0\u00bb button_one_border_radius__hover_enabled=\u00a0\u00bboff\u00a0\u00bb button_two_border_radius__hover_enabled=\u00a0\u00bboff\u00a0\u00bb button_letter_spacing__hover_enabled=\u00a0\u00bbon\u00a0\u00bb button_letter_spacing__hover=\u00a0\u00bb0&Prime; button_one_letter_spacing__hover_enabled=\u00a0\u00bboff\u00a0\u00bb button_two_letter_spacing__hover_enabled=\u00a0\u00bboff\u00a0\u00bb button_bg_color__hover_enabled=\u00a0\u00bboff\u00a0\u00bb button_one_bg_color__hover_enabled=\u00a0\u00bboff\u00a0\u00bb button_two_bg_color__hover_enabled=\u00a0\u00bboff\u00a0\u00bb][\/et_pb_post_slider][\/et_pb_column][et_pb_column type=\u00a0\u00bb1_3&Prime; _builder_version=\u00a0\u00bb4.16&Prime; custom_padding=\u00a0\u00bb|||\u00a0\u00bb global_colors_info=\u00a0\u00bb{}\u00a0\u00bb custom_padding__hover=\u00a0\u00bb|||\u00a0\u00bb][et_pb_button button_text=\u00a0\u00bbBOUTIQUE\u00a0\u00bb button_alignment=\u00a0\u00bbcenter\u00a0\u00bb _builder_version=\u00a0\u00bb4.27.4&Prime; _module_preset=\u00a0\u00bbdefault\u00a0\u00bb custom_button=\u00a0\u00bbon\u00a0\u00bb button_text_size=\u00a0\u00bb55px\u00a0\u00bb button_text_color=\u00a0\u00bb#e53935&Prime; button_border_width=\u00a0\u00bb11px\u00a0\u00bb hover_enabled=\u00a0\u00bb0&Prime; global_colors_info=\u00a0\u00bb{}\u00a0\u00bb button_url=\u00a0\u00bbhttps:\/\/brico-plomberie.com\/index.php\/produit\/kit-economie-deau-maison\/\u00a0\u00bb sticky_enabled=\u00a0\u00bb0&Prime;][\/et_pb_button][et_pb_cta title=\u00a0\u00bbLE PLOMBIER EN VISIO\u00a0\u00bb button_url=\u00a0\u00bbhttps:\/\/brico-plomberie.com\/index.php\/2016\/06\/08\/le-plombier-virtuel\/\u00a0\u00bb url_new_window=\u00a0\u00bbon\u00a0\u00bb button_text=\u00a0\u00bbClic\u00a0\u00bb _builder_version=\u00a0\u00bb4.21.0&Prime; _module_preset=\u00a0\u00bbdefault\u00a0\u00bb background_color=\u00a0\u00bb#0c71c3&Prime; background_image=\u00a0\u00bbhttps:\/\/brico-plomberie.com\/wp-content\/uploads\/2019\/04\/gaming-21.png\u00a0\u00bb custom_button=\u00a0\u00bbon\u00a0\u00bb button_font=\u00a0\u00bb|700|||||||\u00a0\u00bb min_height=\u00a0\u00bb373.6px\u00a0\u00bb custom_margin=\u00a0\u00bb||121px|||\u00a0\u00bb global_colors_info=\u00a0\u00bb{}\u00a0\u00bb]<\/p>\n<p><strong>Merci de prendre contact par email<\/strong><br \/><strong>afin de prendre rendez-vous<\/strong><br \/><strong>bricoplombier@gmail.com<\/strong><\/p>\n<p>[\/et_pb_cta][\/et_pb_column][et_pb_column type=\u00a0\u00bb1_3&Prime; _builder_version=\u00a0\u00bb4.16&Prime; custom_padding=\u00a0\u00bb|||\u00a0\u00bb global_colors_info=\u00a0\u00bb{}\u00a0\u00bb custom_padding__hover=\u00a0\u00bb|||\u00a0\u00bb][et_pb_button button_url=\u00a0\u00bbhttps:\/\/www.youtube.com\/channel\/UCVlqez0defmuww9OVuVU9Qg\u00a0\u00bb button_text=\u00a0\u00bbS&rsquo;abonner \u00e0 notre chaine YouTube \u00a0\u00bb button_alignment=\u00a0\u00bbcenter\u00a0\u00bb _builder_version=\u00a0\u00bb4.16&Prime; custom_button=\u00a0\u00bbon\u00a0\u00bb button_text_color=\u00a0\u00bb#e02b20&Prime; button_border_width=\u00a0\u00bb46px\u00a0\u00bb button_border_radius=\u00a0\u00bb51px\u00a0\u00bb button_font=\u00a0\u00bbTrebuchet|600|||||||\u00a0\u00bb button_use_icon=\u00a0\u00bboff\u00a0\u00bb button_rel=\u00a0\u00bboff|on|||\u00a0\u00bb animation_style=\u00a0\u00bbroll\u00a0\u00bb box_shadow_style=\u00a0\u00bbpreset2&Prime; button_letter_spacing_hover=\u00a0\u00bb0&Prime; global_colors_info=\u00a0\u00bb{}\u00a0\u00bb button_text_size__hover_enabled=\u00a0\u00bboff\u00a0\u00bb button_one_text_size__hover_enabled=\u00a0\u00bboff\u00a0\u00bb button_two_text_size__hover_enabled=\u00a0\u00bboff\u00a0\u00bb button_text_color__hover_enabled=\u00a0\u00bboff\u00a0\u00bb button_one_text_color__hover_enabled=\u00a0\u00bboff\u00a0\u00bb button_two_text_color__hover_enabled=\u00a0\u00bboff\u00a0\u00bb button_border_width__hover_enabled=\u00a0\u00bboff\u00a0\u00bb button_one_border_width__hover_enabled=\u00a0\u00bboff\u00a0\u00bb button_two_border_width__hover_enabled=\u00a0\u00bboff\u00a0\u00bb button_border_color__hover_enabled=\u00a0\u00bboff\u00a0\u00bb button_one_border_color__hover_enabled=\u00a0\u00bboff\u00a0\u00bb button_two_border_color__hover_enabled=\u00a0\u00bboff\u00a0\u00bb button_border_radius__hover_enabled=\u00a0\u00bboff\u00a0\u00bb button_one_border_radius__hover_enabled=\u00a0\u00bboff\u00a0\u00bb button_two_border_radius__hover_enabled=\u00a0\u00bboff\u00a0\u00bb button_letter_spacing__hover_enabled=\u00a0\u00bbon\u00a0\u00bb button_letter_spacing__hover=\u00a0\u00bb0px\u00a0\u00bb button_one_letter_spacing__hover_enabled=\u00a0\u00bboff\u00a0\u00bb button_two_letter_spacing__hover_enabled=\u00a0\u00bboff\u00a0\u00bb button_bg_color__hover_enabled=\u00a0\u00bboff\u00a0\u00bb button_one_bg_color__hover_enabled=\u00a0\u00bboff\u00a0\u00bb button_two_bg_color__hover_enabled=\u00a0\u00bboff\u00a0\u00bb][\/et_pb_button][et_pb_video_slider controls_color=\u00a0\u00bblight\u00a0\u00bb _builder_version=\u00a0\u00bb4.16&Prime; saved_tabs=\u00a0\u00bball\u00a0\u00bb global_colors_info=\u00a0\u00bb{}\u00a0\u00bb][et_pb_video_slider_item src=\u00a0\u00bbhttps:\/\/www.youtube.com\/watch?v=uj9VWVYW7zs\u00a0\u00bb image_src=\u00a0\u00bb\/\/i.ytimg.com\/vi\/uj9VWVYW7zs\/hqdefault.jpg\u00a0\u00bb _builder_version=\u00a0\u00bb3.0.47&Prime; global_colors_info=\u00a0\u00bb{}\u00a0\u00bb show_image_overlay=\u00a0\u00bboff\u00a0\u00bb][\/et_pb_video_slider_item][et_pb_video_slider_item src=\u00a0\u00bbhttps:\/\/www.youtube.com\/watch?v=NCJCnP-VgpY\u00a0\u00bb image_src=\u00a0\u00bb\/\/i.ytimg.com\/vi\/NCJCnP-VgpY\/hqdefault.jpg\u00a0\u00bb _builder_version=\u00a0\u00bb3.0.47&Prime; global_colors_info=\u00a0\u00bb{}\u00a0\u00bb show_image_overlay=\u00a0\u00bboff\u00a0\u00bb][\/et_pb_video_slider_item][et_pb_video_slider_item src=\u00a0\u00bbhttps:\/\/www.youtube.com\/watch?v=x-8imQPaTAY\u00a0\u00bb image_src=\u00a0\u00bb\/\/i.ytimg.com\/vi\/x-8imQPaTAY\/hqdefault.jpg\u00a0\u00bb _builder_version=\u00a0\u00bb3.0.47&Prime; global_colors_info=\u00a0\u00bb{}\u00a0\u00bb show_image_overlay=\u00a0\u00bboff\u00a0\u00bb][\/et_pb_video_slider_item][et_pb_video_slider_item src=\u00a0\u00bbhttps:\/\/www.youtube.com\/watch?v=Hq0Nog7UbYY\u00a0\u00bb image_src=\u00a0\u00bb\/\/i.ytimg.com\/vi\/Hq0Nog7UbYY\/hqdefault.jpg\u00a0\u00bb _builder_version=\u00a0\u00bb3.0.47&Prime; global_colors_info=\u00a0\u00bb{}\u00a0\u00bb show_image_overlay=\u00a0\u00bboff\u00a0\u00bb][\/et_pb_video_slider_item][\/et_pb_video_slider][\/et_pb_column][\/et_pb_row][\/et_pb_section]<\/p>\n","protected":false},"excerpt":{"rendered":"<p>Merci de prendre contact par emailafin de prendre rendez-vousbricoplombier@gmail.com<\/p>\n","protected":false},"author":1,"featured_media":0,"parent":0,"menu_order":0,"comment_status":"closed","ping_status":"closed","template":"","meta":{"googlesitekit_rrm_CAowlOe2DA:productID":"","_et_pb_use_builder":"on","_et_pb_old_content":"","_et_gb_content_width":"","footnotes":""},"class_list":["post-5046","page","type-page","status-publish","hentry"],"yoast_head":"<!-- This site is optimized with the Yoast SEO plugin v27.4 - https:\/\/yoast.com\/product\/yoast-seo-wordpress\/ -->\n<title>Brico-plomberie.com - Fais le toi-m\u00eame !<\/title>\n<meta name=\"description\" content=\"La communaut\u00e9 des bricoleurs en plomberie\/chauffage. Conseils, astuces et projets partag\u00e9s.R\u00e9parez vos fuites vous-m\u00eame ! Rejoignez nous...\" \/>\n<meta name=\"robots\" content=\"index, follow, max-snippet:-1, max-image-preview:large, max-video-preview:-1\" \/>\n<link rel=\"canonical\" href=\"https:\/\/brico-plomberie.com\/\" \/>\n<meta property=\"og:locale\" content=\"fr_FR\" \/>\n<meta property=\"og:type\" content=\"article\" \/>\n<meta property=\"og:title\" content=\"Brico-plomberie.com - Fais le toi-m\u00eame !\" \/>\n<meta property=\"og:description\" content=\"La communaut\u00e9 des bricoleurs en plomberie\/chauffage. Conseils, astuces et projets partag\u00e9s.R\u00e9parez vos fuites vous-m\u00eame ! Rejoignez nous...\" \/>\n<meta property=\"og:url\" content=\"https:\/\/brico-plomberie.com\/\" \/>\n<meta property=\"og:site_name\" content=\"Brico-plomberie.com\" \/>\n<meta property=\"article:modified_time\" content=\"2025-11-10T14:51:59+00:00\" \/>\n<meta name=\"twitter:card\" content=\"summary_large_image\" \/>\n<meta name=\"twitter:label1\" content=\"Dur\u00e9e de lecture estim\u00e9e\" \/>\n\t<meta name=\"twitter:data1\" content=\"5 minutes\" \/>\n<script type=\"application\/ld+json\" class=\"yoast-schema-graph\">{\"@context\":\"https:\\\/\\\/schema.org\",\"@graph\":[{\"@type\":\"WebPage\",\"@id\":\"https:\\\/\\\/brico-plomberie.com\\\/\",\"url\":\"https:\\\/\\\/brico-plomberie.com\\\/\",\"name\":\"Brico-plomberie.com - Fais le toi-m\u00eame !\",\"isPartOf\":{\"@id\":\"https:\\\/\\\/brico-plomberie.com\\\/#website\"},\"datePublished\":\"2024-10-05T15:13:35+00:00\",\"dateModified\":\"2025-11-10T14:51:59+00:00\",\"description\":\"La communaut\u00e9 des bricoleurs en plomberie\\\/chauffage. Conseils, astuces et projets partag\u00e9s.R\u00e9parez vos fuites vous-m\u00eame ! Rejoignez nous...\",\"breadcrumb\":{\"@id\":\"https:\\\/\\\/brico-plomberie.com\\\/#breadcrumb\"},\"inLanguage\":\"fr-FR\",\"potentialAction\":[{\"@type\":\"ReadAction\",\"target\":[\"https:\\\/\\\/brico-plomberie.com\\\/\"]}]},{\"@type\":\"BreadcrumbList\",\"@id\":\"https:\\\/\\\/brico-plomberie.com\\\/#breadcrumb\",\"itemListElement\":[{\"@type\":\"ListItem\",\"position\":1,\"name\":\"Accueil\",\"item\":\"https:\\\/\\\/brico-plomberie.com\\\/\"},{\"@type\":\"ListItem\",\"position\":2,\"name\":\"Accueil\"}]},{\"@type\":\"WebSite\",\"@id\":\"https:\\\/\\\/brico-plomberie.com\\\/#website\",\"url\":\"https:\\\/\\\/brico-plomberie.com\\\/\",\"name\":\"Brico-plomberie.com\",\"description\":\"Fais le toi-m\u00eame !\",\"publisher\":{\"@id\":\"https:\\\/\\\/brico-plomberie.com\\\/#organization\"},\"potentialAction\":[{\"@type\":\"SearchAction\",\"target\":{\"@type\":\"EntryPoint\",\"urlTemplate\":\"https:\\\/\\\/brico-plomberie.com\\\/?s={search_term_string}\"},\"query-input\":{\"@type\":\"PropertyValueSpecification\",\"valueRequired\":true,\"valueName\":\"search_term_string\"}}],\"inLanguage\":\"fr-FR\"},{\"@type\":\"Organization\",\"@id\":\"https:\\\/\\\/brico-plomberie.com\\\/#organization\",\"name\":\"Brico-plomberie.com\",\"url\":\"https:\\\/\\\/brico-plomberie.com\\\/\",\"logo\":{\"@type\":\"ImageObject\",\"inLanguage\":\"fr-FR\",\"@id\":\"https:\\\/\\\/brico-plomberie.com\\\/#\\\/schema\\\/logo\\\/image\\\/\",\"url\":\"https:\\\/\\\/brico-plomberie.com\\\/wp-content\\\/uploads\\\/2017\\\/01\\\/bricoplomberie-logo.png\",\"contentUrl\":\"https:\\\/\\\/brico-plomberie.com\\\/wp-content\\\/uploads\\\/2017\\\/01\\\/bricoplomberie-logo.png\",\"width\":1200,\"height\":262,\"caption\":\"Brico-plomberie.com\"},\"image\":{\"@id\":\"https:\\\/\\\/brico-plomberie.com\\\/#\\\/schema\\\/logo\\\/image\\\/\"},\"sameAs\":[\"https:\\\/\\\/www.instagram.com\\\/brico_plombier\\\/\"]}]}<\/script>\n<!-- \/ Yoast SEO plugin. -->","yoast_head_json":{"title":"Brico-plomberie.com - Fais le toi-m\u00eame !","description":"La communaut\u00e9 des bricoleurs en plomberie\/chauffage. Conseils, astuces et projets partag\u00e9s.R\u00e9parez vos fuites vous-m\u00eame ! Rejoignez nous...","robots":{"index":"index","follow":"follow","max-snippet":"max-snippet:-1","max-image-preview":"max-image-preview:large","max-video-preview":"max-video-preview:-1"},"canonical":"https:\/\/brico-plomberie.com\/","og_locale":"fr_FR","og_type":"article","og_title":"Brico-plomberie.com - Fais le toi-m\u00eame !","og_description":"La communaut\u00e9 des bricoleurs en plomberie\/chauffage. Conseils, astuces et projets partag\u00e9s.R\u00e9parez vos fuites vous-m\u00eame ! Rejoignez nous...","og_url":"https:\/\/brico-plomberie.com\/","og_site_name":"Brico-plomberie.com","article_modified_time":"2025-11-10T14:51:59+00:00","twitter_card":"summary_large_image","twitter_misc":{"Dur\u00e9e de lecture estim\u00e9e":"5 minutes"},"schema":{"@context":"https:\/\/schema.org","@graph":[{"@type":"WebPage","@id":"https:\/\/brico-plomberie.com\/","url":"https:\/\/brico-plomberie.com\/","name":"Brico-plomberie.com - Fais le toi-m\u00eame !","isPartOf":{"@id":"https:\/\/brico-plomberie.com\/#website"},"datePublished":"2024-10-05T15:13:35+00:00","dateModified":"2025-11-10T14:51:59+00:00","description":"La communaut\u00e9 des bricoleurs en plomberie\/chauffage. Conseils, astuces et projets partag\u00e9s.R\u00e9parez vos fuites vous-m\u00eame ! Rejoignez nous...","breadcrumb":{"@id":"https:\/\/brico-plomberie.com\/#breadcrumb"},"inLanguage":"fr-FR","potentialAction":[{"@type":"ReadAction","target":["https:\/\/brico-plomberie.com\/"]}]},{"@type":"BreadcrumbList","@id":"https:\/\/brico-plomberie.com\/#breadcrumb","itemListElement":[{"@type":"ListItem","position":1,"name":"Accueil","item":"https:\/\/brico-plomberie.com\/"},{"@type":"ListItem","position":2,"name":"Accueil"}]},{"@type":"WebSite","@id":"https:\/\/brico-plomberie.com\/#website","url":"https:\/\/brico-plomberie.com\/","name":"Brico-plomberie.com","description":"Fais le toi-m\u00eame !","publisher":{"@id":"https:\/\/brico-plomberie.com\/#organization"},"potentialAction":[{"@type":"SearchAction","target":{"@type":"EntryPoint","urlTemplate":"https:\/\/brico-plomberie.com\/?s={search_term_string}"},"query-input":{"@type":"PropertyValueSpecification","valueRequired":true,"valueName":"search_term_string"}}],"inLanguage":"fr-FR"},{"@type":"Organization","@id":"https:\/\/brico-plomberie.com\/#organization","name":"Brico-plomberie.com","url":"https:\/\/brico-plomberie.com\/","logo":{"@type":"ImageObject","inLanguage":"fr-FR","@id":"https:\/\/brico-plomberie.com\/#\/schema\/logo\/image\/","url":"https:\/\/brico-plomberie.com\/wp-content\/uploads\/2017\/01\/bricoplomberie-logo.png","contentUrl":"https:\/\/brico-plomberie.com\/wp-content\/uploads\/2017\/01\/bricoplomberie-logo.png","width":1200,"height":262,"caption":"Brico-plomberie.com"},"image":{"@id":"https:\/\/brico-plomberie.com\/#\/schema\/logo\/image\/"},"sameAs":["https:\/\/www.instagram.com\/brico_plombier\/"]}]}},"_links":{"self":[{"href":"https:\/\/brico-plomberie.com\/index.php\/wp-json\/wp\/v2\/pages\/5046","targetHints":{"allow":["GET"]}}],"collection":[{"href":"https:\/\/brico-plomberie.com\/index.php\/wp-json\/wp\/v2\/pages"}],"about":[{"href":"https:\/\/brico-plomberie.com\/index.php\/wp-json\/wp\/v2\/types\/page"}],"author":[{"embeddable":true,"href":"https:\/\/brico-plomberie.com\/index.php\/wp-json\/wp\/v2\/users\/1"}],"replies":[{"embeddable":true,"href":"https:\/\/brico-plomberie.com\/index.php\/wp-json\/wp\/v2\/comments?post=5046"}],"version-history":[{"count":17,"href":"https:\/\/brico-plomberie.com\/index.php\/wp-json\/wp\/v2\/pages\/5046\/revisions"}],"predecessor-version":[{"id":7030,"href":"https:\/\/brico-plomberie.com\/index.php\/wp-json\/wp\/v2\/pages\/5046\/revisions\/7030"}],"wp:attachment":[{"href":"https:\/\/brico-plomberie.com\/index.php\/wp-json\/wp\/v2\/media?parent=5046"}],"curies":[{"name":"wp","href":"https:\/\/api.w.org\/{rel}","templated":true}]}}