{"id":6672,"date":"2024-10-03T19:02:52","date_gmt":"2024-10-03T19:02:52","guid":{"rendered":"https:\/\/brico-plomberie.com\/index.php\/community\/"},"modified":"2025-03-19T12:35:25","modified_gmt":"2025-03-19T11:35:25","slug":"community-forum-plomberie-chauffage","status":"publish","type":"page","link":"https:\/\/brico-plomberie.com\/index.php\/community-forum-plomberie-chauffage\/","title":{"rendered":"Forum"},"content":{"rendered":"\n[et_pb_section fb_built=\u00a0\u00bb1&Prime; admin_label=\u00a0\u00bbsection\u00a0\u00bb _builder_version=\u00a0\u00bb4.27.2&Prime; hover_enabled=\u00a0\u00bb0&Prime; global_colors_info=\u00a0\u00bb{}\u00a0\u00bb sticky_enabled=\u00a0\u00bb0&Prime; background_enable_image=\u00a0\u00bboff\u00a0\u00bb][et_pb_row admin_label=\u00a0\u00bbrow\u00a0\u00bb _builder_version=\u00a0\u00bb4.16&Prime; background_size=\u00a0\u00bbinitial\u00a0\u00bb background_position=\u00a0\u00bbtop_left\u00a0\u00bb background_repeat=\u00a0\u00bbrepeat\u00a0\u00bb width=\u00a0\u00bb97.6%\u00a0\u00bb hover_enabled=\u00a0\u00bb0&Prime; global_colors_info=\u00a0\u00bb{}\u00a0\u00bb sticky_enabled=\u00a0\u00bb0&Prime;][et_pb_column type=\u00a0\u00bb4_4&Prime; _builder_version=\u00a0\u00bb4.16&Prime; custom_padding=\u00a0\u00bb|||\u00a0\u00bb global_colors_info=\u00a0\u00bb{}\u00a0\u00bb custom_padding__hover=\u00a0\u00bb|||\u00a0\u00bb][et_pb_text admin_label=\u00a0\u00bbText\u00a0\u00bb _builder_version=\u00a0\u00bb4.16&Prime; background_size=\u00a0\u00bbinitial\u00a0\u00bb background_position=\u00a0\u00bbtop_left\u00a0\u00bb background_repeat=\u00a0\u00bbrepeat\u00a0\u00bb hover_enabled=\u00a0\u00bb0&Prime; global_colors_info=\u00a0\u00bb{}\u00a0\u00bb sticky_enabled=\u00a0\u00bb0&Prime;][\/et_pb_text][\/et_pb_column][\/et_pb_row][\/et_pb_section]\n","protected":false},"excerpt":{"rendered":"\n","protected":false},"author":1,"featured_media":0,"parent":0,"menu_order":0,"comment_status":"close","ping_status":"close","template":"","meta":{"googlesitekit_rrm_CAowlOe2DA:productID":"","_et_pb_use_builder":"on","_et_pb_old_content":"[wpforo]","_et_gb_content_width":"","footnotes":""},"class_list":["post-6672","page","type-page","status-publish","hentry"],"yoast_head":"<!-- This site is optimized with the Yoast SEO plugin v27.4 - https:\/\/yoast.com\/product\/yoast-seo-wordpress\/ -->\n<title>Forum - Plomberie\/chauffage-astuces-conseils-d\u00e9pannages<\/title>\n<meta name=\"description\" content=\"Besoin d&#039;aide en plomberie ou chauffage ? Rejoignez notre forum d&#039;entraide et trouvez des solutions \u00e0 vos probl\u00e8mes. Astuces, d\u00e9pannage...\" \/>\n<meta name=\"robots\" content=\"index, follow, max-snippet:-1, max-image-preview:large, max-video-preview:-1\" \/>\n<link rel=\"canonical\" href=\"https:\/\/brico-plomberie.com\/index.php\/community-forum-plomberie-chauffage\/\" \/>\n<meta property=\"og:locale\" content=\"fr_FR\" \/>\n<meta property=\"og:type\" content=\"article\" \/>\n<meta property=\"og:title\" content=\"Forum - Plomberie\/chauffage-astuces-conseils-d\u00e9pannages\" \/>\n<meta property=\"og:description\" content=\"Besoin d&#039;aide en plomberie ou chauffage ? Rejoignez notre forum d&#039;entraide et trouvez des solutions \u00e0 vos probl\u00e8mes. Astuces, d\u00e9pannage...\" \/>\n<meta property=\"og:url\" content=\"https:\/\/brico-plomberie.com\/index.php\/community-forum-plomberie-chauffage\/\" \/>\n<meta property=\"og:site_name\" content=\"Brico-plomberie.com\" \/>\n<meta property=\"article:modified_time\" content=\"2025-03-19T11:35:25+00:00\" \/>\n<meta name=\"twitter:card\" content=\"summary_large_image\" \/>\n<meta name=\"twitter:label1\" content=\"Dur\u00e9e de lecture estim\u00e9e\" \/>\n\t<meta name=\"twitter:data1\" content=\"4 minutes\" \/>\n<script type=\"application\/ld+json\" class=\"yoast-schema-graph\">{\"@context\":\"https:\\\/\\\/schema.org\",\"@graph\":[{\"@type\":\"WebPage\",\"@id\":\"https:\\\/\\\/brico-plomberie.com\\\/index.php\\\/community-forum-plomberie-chauffage\\\/\",\"url\":\"https:\\\/\\\/brico-plomberie.com\\\/index.php\\\/community-forum-plomberie-chauffage\\\/\",\"name\":\"Forum - Plomberie\\\/chauffage-astuces-conseils-d\u00e9pannages\",\"isPartOf\":{\"@id\":\"https:\\\/\\\/brico-plomberie.com\\\/#website\"},\"datePublished\":\"2024-10-03T19:02:52+00:00\",\"dateModified\":\"2025-03-19T11:35:25+00:00\",\"description\":\"Besoin d'aide en plomberie ou chauffage ? Rejoignez notre forum d'entraide et trouvez des solutions \u00e0 vos probl\u00e8mes. Astuces, d\u00e9pannage...\",\"breadcrumb\":{\"@id\":\"https:\\\/\\\/brico-plomberie.com\\\/index.php\\\/community-forum-plomberie-chauffage\\\/#breadcrumb\"},\"inLanguage\":\"fr-FR\",\"potentialAction\":[{\"@type\":\"ReadAction\",\"target\":[\"https:\\\/\\\/brico-plomberie.com\\\/index.php\\\/community-forum-plomberie-chauffage\\\/\"]}]},{\"@type\":\"BreadcrumbList\",\"@id\":\"https:\\\/\\\/brico-plomberie.com\\\/index.php\\\/community-forum-plomberie-chauffage\\\/#breadcrumb\",\"itemListElement\":[{\"@type\":\"ListItem\",\"position\":1,\"name\":\"Accueil\",\"item\":\"https:\\\/\\\/brico-plomberie.com\\\/\"},{\"@type\":\"ListItem\",\"position\":2,\"name\":\"Forum\"}]},{\"@type\":\"WebSite\",\"@id\":\"https:\\\/\\\/brico-plomberie.com\\\/#website\",\"url\":\"https:\\\/\\\/brico-plomberie.com\\\/\",\"name\":\"Brico-plomberie.com\",\"description\":\"Fais le toi-m\u00eame !\",\"publisher\":{\"@id\":\"https:\\\/\\\/brico-plomberie.com\\\/#organization\"},\"potentialAction\":[{\"@type\":\"SearchAction\",\"target\":{\"@type\":\"EntryPoint\",\"urlTemplate\":\"https:\\\/\\\/brico-plomberie.com\\\/?s={search_term_string}\"},\"query-input\":{\"@type\":\"PropertyValueSpecification\",\"valueRequired\":true,\"valueName\":\"search_term_string\"}}],\"inLanguage\":\"fr-FR\"},{\"@type\":\"Organization\",\"@id\":\"https:\\\/\\\/brico-plomberie.com\\\/#organization\",\"name\":\"Brico-plomberie.com\",\"url\":\"https:\\\/\\\/brico-plomberie.com\\\/\",\"logo\":{\"@type\":\"ImageObject\",\"inLanguage\":\"fr-FR\",\"@id\":\"https:\\\/\\\/brico-plomberie.com\\\/#\\\/schema\\\/logo\\\/image\\\/\",\"url\":\"https:\\\/\\\/brico-plomberie.com\\\/wp-content\\\/uploads\\\/2017\\\/01\\\/bricoplomberie-logo.png\",\"contentUrl\":\"https:\\\/\\\/brico-plomberie.com\\\/wp-content\\\/uploads\\\/2017\\\/01\\\/bricoplomberie-logo.png\",\"width\":1200,\"height\":262,\"caption\":\"Brico-plomberie.com\"},\"image\":{\"@id\":\"https:\\\/\\\/brico-plomberie.com\\\/#\\\/schema\\\/logo\\\/image\\\/\"},\"sameAs\":[\"https:\\\/\\\/www.instagram.com\\\/brico_plombier\\\/\"]}]}<\/script>\n<!-- \/ Yoast SEO plugin. -->","yoast_head_json":{"title":"Forum - Plomberie\/chauffage-astuces-conseils-d\u00e9pannages","description":"Besoin d'aide en plomberie ou chauffage ? Rejoignez notre forum d'entraide et trouvez des solutions \u00e0 vos probl\u00e8mes. Astuces, d\u00e9pannage...","robots":{"index":"index","follow":"follow","max-snippet":"max-snippet:-1","max-image-preview":"max-image-preview:large","max-video-preview":"max-video-preview:-1"},"canonical":"https:\/\/brico-plomberie.com\/index.php\/community-forum-plomberie-chauffage\/","og_locale":"fr_FR","og_type":"article","og_title":"Forum - Plomberie\/chauffage-astuces-conseils-d\u00e9pannages","og_description":"Besoin d'aide en plomberie ou chauffage ? Rejoignez notre forum d'entraide et trouvez des solutions \u00e0 vos probl\u00e8mes. Astuces, d\u00e9pannage...","og_url":"https:\/\/brico-plomberie.com\/index.php\/community-forum-plomberie-chauffage\/","og_site_name":"Brico-plomberie.com","article_modified_time":"2025-03-19T11:35:25+00:00","twitter_card":"summary_large_image","twitter_misc":{"Dur\u00e9e de lecture estim\u00e9e":"4 minutes"},"schema":{"@context":"https:\/\/schema.org","@graph":[{"@type":"WebPage","@id":"https:\/\/brico-plomberie.com\/index.php\/community-forum-plomberie-chauffage\/","url":"https:\/\/brico-plomberie.com\/index.php\/community-forum-plomberie-chauffage\/","name":"Forum - Plomberie\/chauffage-astuces-conseils-d\u00e9pannages","isPartOf":{"@id":"https:\/\/brico-plomberie.com\/#website"},"datePublished":"2024-10-03T19:02:52+00:00","dateModified":"2025-03-19T11:35:25+00:00","description":"Besoin d'aide en plomberie ou chauffage ? Rejoignez notre forum d'entraide et trouvez des solutions \u00e0 vos probl\u00e8mes. Astuces, d\u00e9pannage...","breadcrumb":{"@id":"https:\/\/brico-plomberie.com\/index.php\/community-forum-plomberie-chauffage\/#breadcrumb"},"inLanguage":"fr-FR","potentialAction":[{"@type":"ReadAction","target":["https:\/\/brico-plomberie.com\/index.php\/community-forum-plomberie-chauffage\/"]}]},{"@type":"BreadcrumbList","@id":"https:\/\/brico-plomberie.com\/index.php\/community-forum-plomberie-chauffage\/#breadcrumb","itemListElement":[{"@type":"ListItem","position":1,"name":"Accueil","item":"https:\/\/brico-plomberie.com\/"},{"@type":"ListItem","position":2,"name":"Forum"}]},{"@type":"WebSite","@id":"https:\/\/brico-plomberie.com\/#website","url":"https:\/\/brico-plomberie.com\/","name":"Brico-plomberie.com","description":"Fais le toi-m\u00eame !","publisher":{"@id":"https:\/\/brico-plomberie.com\/#organization"},"potentialAction":[{"@type":"SearchAction","target":{"@type":"EntryPoint","urlTemplate":"https:\/\/brico-plomberie.com\/?s={search_term_string}"},"query-input":{"@type":"PropertyValueSpecification","valueRequired":true,"valueName":"search_term_string"}}],"inLanguage":"fr-FR"},{"@type":"Organization","@id":"https:\/\/brico-plomberie.com\/#organization","name":"Brico-plomberie.com","url":"https:\/\/brico-plomberie.com\/","logo":{"@type":"ImageObject","inLanguage":"fr-FR","@id":"https:\/\/brico-plomberie.com\/#\/schema\/logo\/image\/","url":"https:\/\/brico-plomberie.com\/wp-content\/uploads\/2017\/01\/bricoplomberie-logo.png","contentUrl":"https:\/\/brico-plomberie.com\/wp-content\/uploads\/2017\/01\/bricoplomberie-logo.png","width":1200,"height":262,"caption":"Brico-plomberie.com"},"image":{"@id":"https:\/\/brico-plomberie.com\/#\/schema\/logo\/image\/"},"sameAs":["https:\/\/www.instagram.com\/brico_plombier\/"]}]}},"_links":{"self":[{"href":"https:\/\/brico-plomberie.com\/index.php\/wp-json\/wp\/v2\/pages\/6672","targetHints":{"allow":["GET"]}}],"collection":[{"href":"https:\/\/brico-plomberie.com\/index.php\/wp-json\/wp\/v2\/pages"}],"about":[{"href":"https:\/\/brico-plomberie.com\/index.php\/wp-json\/wp\/v2\/types\/page"}],"author":[{"embeddable":true,"href":"https:\/\/brico-plomberie.com\/index.php\/wp-json\/wp\/v2\/users\/1"}],"replies":[{"embeddable":true,"href":"https:\/\/brico-plomberie.com\/index.php\/wp-json\/wp\/v2\/comments?post=6672"}],"version-history":[{"count":4,"href":"https:\/\/brico-plomberie.com\/index.php\/wp-json\/wp\/v2\/pages\/6672\/revisions"}],"predecessor-version":[{"id":6976,"href":"https:\/\/brico-plomberie.com\/index.php\/wp-json\/wp\/v2\/pages\/6672\/revisions\/6976"}],"wp:attachment":[{"href":"https:\/\/brico-plomberie.com\/index.php\/wp-json\/wp\/v2\/media?parent=6672"}],"curies":[{"name":"wp","href":"https:\/\/api.w.org\/{rel}","templated":true}]}}